{"id":263,"date":"2026-02-08T16:33:54","date_gmt":"2026-02-08T16:33:54","guid":{"rendered":"https:\/\/growurknowledge.com\/?page_id=263"},"modified":"2026-02-08T16:33:54","modified_gmt":"2026-02-08T16:33:54","slug":"b1-exercise","status":"publish","type":"page","link":"https:\/\/growurknowledge.com\/?page_id=263","title":{"rendered":"B1-Exercise"},"content":{"rendered":"\n<h2 class=\"wp-block-heading\"><strong>1. L\u00fcckentext \u2013 Grammatik (B1)<\/strong><\/h2>\n\n\n\n<p>Setze die richtige Form ein.<\/p>\n\n\n\n<blockquote class=\"wp-block-quote is-layout-flow wp-block-quote-is-layout-flow\">\n<p>Letztes Jahr ___ (entscheiden) ich mich, einen Deutschkurs zu machen.<br>Obwohl der Kurs sehr intensiv ___ (sein), ___ ich viel gelernt.<br>Nach dem Unterricht ___ (treffen) wir uns oft, um zusammen zu \u00fcben.<\/p>\n\n\n\n<p>Setze das richtige Wort ein.<\/p>\n\n\n\n<p>Anna ___ (haben) gestern viel Stress.<br>Sie ___ (m\u00fcssen) fr\u00fch aufstehen, weil sie ___ Arbeit gehen musste.<br>Am Abend ___ sie m\u00fcde, aber zufrieden.<\/p>\n\n\n\n<p>Letzte Woche <strong>_ (bekommen) Maria eine Einladung zu einem Vorstellungsgespr\u00e4ch. Sie <\/strong><em>(vorbereiten) sich gut, weil sie den Job unbedingt <\/em><strong>(wollen). Obwohl sie nerv\u00f6s <\/strong><em>(sein), __<\/em> sie p\u00fcnktlich und selbstbewusst.<\/p>\n<\/blockquote>\n\n\n\n<hr class=\"wp-block-separator has-alpha-channel-opacity\"\/>\n\n\n\n<h2 class=\"wp-block-heading\"><strong>2. Wortschatz \u2013 Passendes Wort finden<\/strong><\/h2>\n\n\n\n<p>W\u00e4hle das richtige Wort.<\/p>\n\n\n\n<ol class=\"wp-block-list\">\n<li>Ich habe mich bei der Firma ___, weil die Stelle interessant war.<br>a) beworben\u2003b) entschieden\u2003c) benutzt<\/li>\n\n\n\n<li>Er hat den Termin vergessen, ___ er sehr besch\u00e4ftigt war.<br>a) deshalb\u2003b) obwohl\u2003c) weil<\/li>\n\n\n\n<li>Diese Aufgabe ist nicht leicht, aber durchaus ___.<br>a) m\u00f6glich\u2003b) bequem\u2003c) bekannt<\/li>\n<\/ol>\n\n\n\n<hr class=\"wp-block-separator has-alpha-channel-opacity\"\/>\n\n\n\n<h2 class=\"wp-block-heading\"><strong>3. Satzumformung (Paraphrase)<\/strong><\/h2>\n\n\n\n<p>Schreibe den Satz <strong>neu<\/strong>, ohne die Bedeutung zu \u00e4ndern.<\/p>\n\n\n\n<ol class=\"wp-block-list\">\n<li>Ich lerne Deutsch, um in Deutschland zu arbeiten.<br>\u2192 Ich lerne Deutsch, <strong>damit<\/strong> __________________________.<\/li>\n\n\n\n<li>Er hatte keine Zeit. Trotzdem kam er zum Treffen.<br>\u2192 Obwohl __________________________.<\/li>\n\n\n\n<li>Ich interessiere mich <em>_<\/em> Musik.  a) f\u00fcr\u2003b) an\u2003c) mit<\/li>\n\n\n\n<li>Wir fahren morgen <em>_<\/em> Berlin. a) nach\u2003b) zu\u2003c) in<\/li>\n\n\n\n<li>Er spricht nicht so <em>_<\/em> Deutsch. a) gut\u2003b) gute\u2003c) besser<\/li>\n<\/ol>\n\n\n\n<hr class=\"wp-block-separator has-alpha-channel-opacity\"\/>\n\n\n\n<h2 class=\"wp-block-heading\"><strong>4. Lesen \u2013 Textverst\u00e4ndnis<\/strong><\/h2>\n\n\n\n<p><strong>Text:<\/strong><\/p>\n\n\n\n<blockquote class=\"wp-block-quote is-layout-flow wp-block-quote-is-layout-flow\">\n<p>Viele Menschen m\u00f6chten heute ges\u00fcnder leben. Deshalb achten sie mehr auf ihre Ern\u00e4hrung und versuchen, regelm\u00e4\u00dfig Sport zu treiben. Trotzdem f\u00e4llt es vielen schwer, im Alltag genug Zeit daf\u00fcr zu finden.<\/p>\n<\/blockquote>\n\n\n\n<p><strong>Fragen:<\/strong><\/p>\n\n\n\n<ol class=\"wp-block-list\">\n<li>Warum wollen viele Menschen ges\u00fcnder leben?<\/li>\n\n\n\n<li>Was versuchen sie zu tun?<\/li>\n\n\n\n<li>Was ist das Problem?<\/li>\n<\/ol>\n\n\n\n<p><strong>Text:<\/strong><\/p>\n\n\n\n<blockquote class=\"wp-block-quote is-layout-flow wp-block-quote-is-layout-flow\">\n<p>Markus wohnt in einer kleinen Stadt. Er arbeitet als Verk\u00e4ufer und f\u00e4hrt jeden Tag mit dem Bus zur Arbeit. Am Wochenende trifft er Freunde oder macht Sport.<\/p>\n<\/blockquote>\n\n\n\n<p><strong>Fragen:<\/strong><\/p>\n\n\n\n<ol class=\"wp-block-list\">\n<li>Wo wohnt Markus?<\/li>\n\n\n\n<li>Wie f\u00e4hrt er zur Arbeit?<\/li>\n\n\n\n<li>Was macht er am Wochenende?<\/li>\n<\/ol>\n\n\n\n<p><strong>Text:<\/strong><\/p>\n\n\n\n<blockquote class=\"wp-block-quote is-layout-flow wp-block-quote-is-layout-flow\">\n<p>Immer mehr Menschen arbeiten heute im Homeoffice. Das spart Zeit, weil der Arbeitsweg wegf\u00e4llt. Trotzdem vermissen viele den direkten Kontakt mit Kollegen und f\u00fchlen sich manchmal weniger motiviert.<\/p>\n<\/blockquote>\n\n\n\n<p><strong>Fragen:<\/strong><\/p>\n\n\n\n<ol class=\"wp-block-list\">\n<li>Warum ist Homeoffice f\u00fcr viele praktisch?<\/li>\n\n\n\n<li>Was vermissen viele Menschen?<\/li>\n\n\n\n<li>Wie f\u00fchlen sich manche im Homeoffice?<\/li>\n<\/ol>\n\n\n\n<p><\/p>\n\n\n\n<hr class=\"wp-block-separator has-alpha-channel-opacity\"\/>\n\n\n\n<h2 class=\"wp-block-heading\"><strong>5. Schreiben \u2013 Kurze Aufgabe (B1)<\/strong><\/h2>\n\n\n\n<p>Schreibe <strong>5\u20136 S\u00e4tze<\/strong>.<\/p>\n\n\n\n<blockquote class=\"wp-block-quote is-layout-flow wp-block-quote-is-layout-flow\">\n<p>Du hast einen Sprachkurs besucht.<br>Beschreibe:<\/p>\n\n\n\n<ul class=\"wp-block-list\">\n<li>warum du den Kurs gemacht hast<\/li>\n\n\n\n<li>was dir gut gefallen hat<\/li>\n\n\n\n<li>was schwierig war<\/li>\n\n\n\n<li>ob du den Kurs empfehlen w\u00fcrdest<\/li>\n<\/ul>\n<\/blockquote>\n","protected":false},"excerpt":{"rendered":"<p>1. L\u00fcckentext \u2013 Grammatik (B1) Setze die richtige Form ein. Letztes Jahr ___ (entscheiden) ich mich, einen Deutschkurs zu machen.Obwohl der Kurs sehr intensiv ___ (sein), ___ ich viel gelernt.Nach dem Unterricht ___ (treffen) wir uns oft, um zusammen zu \u00fcben. Setze das richtige Wort ein. Anna ___ (haben) gestern viel Stress.Sie ___ (m\u00fcssen) fr\u00fch [&hellip;]<\/p>\n","protected":false},"author":1,"featured_media":0,"parent":0,"menu_order":0,"comment_status":"closed","ping_status":"closed","template":"","meta":{"footnotes":""},"class_list":["post-263","page","type-page","status-publish","hentry"],"ams_acf":[],"_links":{"self":[{"href":"https:\/\/growurknowledge.com\/index.php?rest_route=\/wp\/v2\/pages\/263","targetHints":{"allow":["GET"]}}],"collection":[{"href":"https:\/\/growurknowledge.com\/index.php?rest_route=\/wp\/v2\/pages"}],"about":[{"href":"https:\/\/growurknowledge.com\/index.php?rest_route=\/wp\/v2\/types\/page"}],"author":[{"embeddable":true,"href":"https:\/\/growurknowledge.com\/index.php?rest_route=\/wp\/v2\/users\/1"}],"replies":[{"embeddable":true,"href":"https:\/\/growurknowledge.com\/index.php?rest_route=%2Fwp%2Fv2%2Fcomments&post=263"}],"version-history":[{"count":1,"href":"https:\/\/growurknowledge.com\/index.php?rest_route=\/wp\/v2\/pages\/263\/revisions"}],"predecessor-version":[{"id":266,"href":"https:\/\/growurknowledge.com\/index.php?rest_route=\/wp\/v2\/pages\/263\/revisions\/266"}],"wp:attachment":[{"href":"https:\/\/growurknowledge.com\/index.php?rest_route=%2Fwp%2Fv2%2Fmedia&parent=263"}],"curies":[{"name":"wp","href":"https:\/\/api.w.org\/{rel}","templated":true}]}}